(-4)). Let z be 74 + (-2 + g - 2). Suppose -86 = -4*w + l + z, -l - 82 = -2*w. Is w a composite number?
True
Suppose 95 + 0 = -a + 5*g, 4*a - g + 323 = 0. Suppose -597 = 3*f - 2*d, -5*f + 3*d + d - 995 = 0. Let w = a - f. Is w prime?
False
Is -1*1*39/(-3) a composite number?
False
Suppose -3*d = 2*d - 2765. Is d composite?
True
Is ((-1312)/(-4) - -3)/1 a composite number?
False
Let w(l) = 28*l + 27. Is w(8) composite?
False
Let o = 496 - 119. Is o prime?
False
Let f = 2770 - -169. Is f a prime number?
True
Let m = -2004 + 3385. Is m prime?
True
Let k(g) = 289*g**2 - 16*g + 41. Is k(3) composite?
True
Let m be (-160)/(-28) + 4/14. Let p = m + 29. Is p prime?
False
Let s(h) = -h**3 - 15*h**2 + 12. Let u be s(-15). Let d(f) = -f**2 + 13*f - 1. Is d(u) composite?
False
Let u = -1576 - -2743. Is u a prime number?
False
Suppose -777 = -f - 5*c, 2*f + 0*c - 1598 = c. Is f prime?
True
Let i(w) = 13*w**2 + 2*w - 1. Let b be i(2). Let o = 51 + -87. Let p = o + b. Is p composite?
False
Suppose 4*w = 1 - 9. Let u(m) = -33*m + 1. Let z(v) = 99*v - 3. Let s(f) = 7*u(f) + 2*z(f). Is s(w) a composite number?
False
Is (-4)/(-18) - 409160/(-72) a prime number?
True
Suppose 5*p = 225 + 40. Is p a prime number?
True
Let y be 10*4*(-2)/(-20). Suppose -694 = -3*a + y*q + q, 0 = a + 4*q - 203. Is a prime?
True
Suppose y + 4 + 2 = 0. Is (-441)/y - (-2)/4 prime?
False
Let y be 1 - 2 - -1 - 15. Let w = 50 + y. Is w a prime number?
False
Let f be (117/(-6) + 3)*8. Let d = 209 + f. Is d prime?
False
Let q(h) = 6*h**2 - 6*h + 5. Suppose 2*d = -d - 3*c + 15, d + 5*c = -7. Let k = -14 + d. Is q(k) a composite number?
False
Let k = 257 - 136. Is k a prime number?
False
Let i = 69 + 10. Is i composite?
False
Let m(n) = -n**2 - 4*n + 7. Let b be m(-5). Suppose q - 17 = -4*s, -2*q + 4*s = b*q - 168. Is q a prime number?
True
Suppose -2*z = -0*z - 6. Suppose -4*n = 3*l, -z*l - n = l. Suppose l = -3*c - 0*c + 159. Is c composite?
False
Let w be -8*1646*4/(-32). Suppose 5*k - 449 = w. Is k a composite number?
False
Let d be -1 - (-8 - (-1)/1). Is 224/3 - d/9 prime?
False
Let f(c) = 63*c + 2. Is f(3) composite?
False
Suppose 0 = 4*o + 22 - 74. Suppose 0 = -4*y + o + 7. Let i(z) = 2*z**2 - 5*z - 6. Is i(y) a prime number?
True
Is (2 - -1) + 0 + 0 + 516 a prime number?
False
Let l(u) = 112*u**2 + u. Let g = -3 - -4. Is l(g) a composite number?
False
Let l = 973 + -290. Is l prime?
True
Suppose i - 10 = -4*i + 5*n, 0 = 2*i + 2*n - 16. Let b = i + -5. Suppose -25 = 5*m, b = 2*h + 3*h - 4*m - 275. Is h prime?
False
Is (9 - 10)*(-1 + -36) prime?
True
Let n = 31 - 16. Suppose 3*d - 2*o - 14 = -0*d, -4*d + n = o. Suppose 2*q + 38 = d*q. Is q prime?
True
Let y = 1298 - 667. Is y composite?
False
Suppose -3*f - f + 76 = 0. Is f a prime number?
True
Let q(k) = -k**2 - 5*k + 2. Let n be q(-5). Let z be (n - 3)*6/(-2). Is z - 5 - (-26 - -1) a composite number?
False
Let q(m) = 38*m. Let b be q(2). Suppose t = 3*t - b. Suppose 4*c - 166 = t. Is c prime?
False
Let i = -111 + 1070. Is i prime?
False
Let v(o) = -o + 2. Let u be v(4). Let g be 2*2/8*u. Is (-1 + g)/(2/(-7)) composite?
False
Let b be ((-3)/(-2))/((-1)/44). Let f = 115 + b. Is f a composite number?
True
Let o(x) = -x**2 + x + 30. Let l be o(0). Is (-1*7)/((-6)/l) prime?
False
Let d(x) be the second derivative of 113*x**3/6 + 17*x**2/2 + 3*x. Is d(6) composite?
True
Let q be 1/(-4) + (-396)/16. Let m = 46 - q. Is m composite?
False
Let m be 0 + 2/((-2)/(-965)). Suppose 0 = -p + 6*p - m. Suppose -5*d - 4*a = -p, 0 = 2*d - d + 4*a - 45. Is d composite?
False
Let k(f) = 157*f**2 - 22. Is k(5) composite?
True
Suppose j + 5*r + 1 = -12, -3*j = 2*r - 26. Suppose 0 = 2*t + 2*v + 18 - 0, -4*v - j = 0. Is (-2)/t*(66 + 3) a prime number?
True
Let w = -2 + 5. Suppose -w*b = 3*g - 261, -83 = -b - 6*g + 3*g. Is b a prime number?
True
Let s(x) be the first derivative of -x**3/3 - x**2 + 3*x - 2. Let b be s(-3). Suppose -3*i + 3 + 18 = b. Is i a composite number?
False
Let j(m) = -470*m**3 + 2*m + 1. Is j(-1) prime?
False
Is (-18 - 1)/((-2)/82) a prime number?
False
Suppose -4*g - 5*u = -2687, -5*g + 1138 = 3*u - 2224. Is g a composite number?
False
Let k(w) = -2*w**3 + 5*w**2 - 2*w - 12. Is k(-5) prime?
True
Is (31738/4)/(3/6) composite?
True
Is ((-6)/45 + 2301/45)/1 prime?
False
Suppose 0 = -5*h - 4 - 1. Is h/(-4) - 657/(-12) prime?
False
Suppose 18 = 6*w - 12. Let u(j) = -j**3 + 5*j**2 + 5*j - 6. Is u(w) a composite number?
False
Suppose 1 = -5*r - 5*w + 6, 2*w = -r. Let k(q) = q**3 - q**2 - q + 47. Let a be k(0). Suppose -r*u + 55 = -a. Is u a composite number?
True
Suppose -2*l = 1065 - 2807. Is l a composite number?
True
Is 1*2/(-2 - -4)*673 a prime number?
True
Let i(u) = 108*u**2 - 2*u. Let l be i(-3). Is (l/(-12))/(1/(-2)) prime?
True
Let t = -65 + 138. Suppose -2*b + 49 = -4*v - t, 0 = 3*b - 2*v - 195. Is b a prime number?
True
Suppose 5*y + 85 = 5*n, -10 = 3*n - 2*y - 64. Suppose 0*h - n = -5*h. Suppose h = 3*s - 8. Is s a prime number?
False
Let p(a) = -4*a + 8. Let d = 11 - 18. Let j(z) = -z + 3. Let t(h) = d*j(h) + 2*p(h). Is t(-12) a composite number?
False
Suppose 9*y - 4*y = -130. Let w = 41 + y. Is w a composite number?
True
Suppose -2*c - 4*p = c - 175, 4*c - 2*p = 204. Suppose c + 106 = 3*f. Is f a composite number?
False
Suppose 5*z - f - 4381 = 0, -2368 = -2*z - 3*f - 602. Is z composite?
False
Let l(b) = -b**2 - 12*b - 7. Let s be l(-11). Suppose 2 = -h, n - h + 46 = s*n. Suppose -3*v + 23 = -n. Is v a composite number?
False
Let h = 933 - -428. Is h a composite number?
False
Let d(h) = -h**3 + 10*h**2 - 11*h + 9. Is d(7) composite?
False
Let q(n) = -25*n - 1. Suppose l = 0, 0 = 5*w - l + 14 + 16. Is q(w) composite?
False
Let r = 337 + -199. Suppose 4*v + 3*a = r, 0*a = -v - 5*a + 43. Is v a prime number?
False
Suppose 5*g - 2*w + 63 = 0, 2*g + 0*w + 42 = 5*w. Let q be (9 + g)*109/(-1). Is (q/1)/(6 - 4) a composite number?
False
Let m be ((-1)/(-3))/(5/30). Is (-10)/m*(-2 + -1) prime?
False
Let n = 70 - -297. Is n a composite number?
False
Let g(z) = z**3 + 8*z**2 + 5*z. Suppose 5*k + 20 = -15. Is g(k) prime?
False
Let s = 924 - 505. Is s a composite number?
False
Is (1/(-2))/(2/(-764)) composite?
False
Let q(m) = -m**2 + m + 379. Is q(0) composite?
False
Let t be 1 + -2 - (1 - 222). Let s = t - 131. Is s prime?
True
Suppose 3*m - 499 = 494. Is m composite?
False
Suppose 3*v - 6*v - 24 = 0. Let s(f) = -4*f + 5. Is s(v) prime?
True
Suppose -3*n + 1257 = -2*q - 2*q, 5*q + 430 = n. Is n a prime number?
False
Suppose 2*x - x + 6154 = 4*t, -x = 4*t - 6150. Is t a composite number?
True
Let t(y) = -3*y + 2*y + 5 + 3*y. Suppose 0 = -3*l, -l + 6 + 10 = 2*m. Is t(m) composite?
True
Let s(p) = p**3 + 3*p**2 - 2*p + 7. Is s(6) a prime number?
False
Suppose 31*g = 24*g + 15799. Is g composite?
True
Suppose 2*a - 8 - 2 = 0. Suppose 5*d = -2*s - 3*s, 15 = -a*d. Suppose -4*f + 0*f - 92 = -4*v, -v + 7 = s*f. Is v a prime number?
True
Let d = -91 - -221. Suppose -d = -0*r - 5*r. Is r composite?
True
Suppose 5 = 2*h - 5. Suppose 0 = 3*y + h*m - 156, -y - 4*m = -0*y - 59. Let v = y + -34. Is v prime?
True
Let o = 87 + -30. Is o composite?
True
Suppose -20 = 4*j, -v - 25 = 4*j + j. Suppose 4*h - 4*m = 760, -m + 1 = -v*m. Is h prime?
True
Is (-3)/((-12)/4144) - -3 composite?
False
Let d(q) = -34 + 8*q + 32 + 19*q. Is d(7) a prime number?
False
Suppose -2*r = 2, -5*n + 14168 = -0*n - 3*r. Is n composite?
False
Is 1 - 143*(-8)/4 a prime number?
False
Let w(g) = 3*g - 4. Let m be w(-3). Let q = m + 27. Suppose -q = -2*s + 2*t, -8*s + t + 47 = -3*s. Is s a prime number?
False
Suppose -3*l + 32 = 5*x, -5*l + 5*x + 34 = -6. Let b be (-2)/l - 1568/(-9). Suppose 5*u - j - 435 = 0, -3*u + 3*j + b = -u. Is u composite?
True
Let l = -6 - -11. Suppose 3*w - 282 = d, -462 - 7 = -l*w + 2*d. Is w composite?
True
Let v = 2 - -1. Suppose -i = w - 117, 4*i + 107 = v*w - 272. Is w prime?
False
Suppose -4*g - q = g - 159, -5*q = 2*g - 82. Is g prime?
True
Let b = -346 - -1144. Let y = 1165 - b. Is y prime?
True
Suppose 4*a + 376 = 4*s, -4*a = -a - 2*s + 277. Let w = 148 + a. Is w a composite number?
False
Is -24 - -24 - 307*(0 - 1) prime?
True
Let d = 8 - 11. Let g be (-1 - d)/(-1)*1. Let f(n) = -7*n + 1. Is f(g) a composite number?
True
Let a(t) = 3*t**3 + 6*t**2